16*b**2 - 47*b - 20. Let y = -307 + 328. List the prime factors of a(y).
2, 599
Let l = 1092 - 261. Let v = l + 881. List the prime factors of v.
2, 107
Let r(n) = 14*n - 30. Suppose 19*t - 20 = 23*t. Let i be r(t). Let g = 164 + i. What are the prime factors of g?
2
Let y(n) = n**3 + 11*n**2 + 10*n + 4. Let l = -62 - -52. Let k be y(l). Suppose 2*r = 6 + 4, 2*c - k*r = 254. What are the prime factors of c?
137
Let p = -670 + 1135. Suppose -p*q = -473*q + 2696. List the prime factors of q.
337
Let o(b) = 7*b**2 - 2*b + 10. Suppose -8*m = -2*m - 30. Let s(v) = -8*v**2 + 2*v - 11. Let c(n) = m*s(n) + 6*o(n). What are the prime factors of c(-8)?
149
Suppose 6*o - 4571 - 19039 = 0. Suppose 2*v = -193 + o. What are the prime factors of v?
1871
Let q be (-14)/2 + 2 - 201. Let i = -18 - q. What are the prime factors of i?
2, 47
Let p(v) = -2*v**3 + 14*v**2 + 3*v - 17. Let c be p(7). Let k be (3/((-9)/(-21)) - c) + 3. Let w(j) = 48*j + 17. List the prime factors of w(k).
5, 61
Let n be 5/(4 + -8 - -5). Suppose 6688 + 5987 = n*c. Suppose -9*l + c = 4*l. What are the prime factors of l?
3, 5, 13
Let i(z) = z**3 + 21*z**2 + 19*z - 11. Let j be i(-20). Suppose 5*n + 156 = j*n. Let m = n - 14. List the prime factors of m.
5
Suppose 2*b - 4*w - 188 = 44, -5*b = -2*w - 580. Suppose 0 = -b*y + 114*y + 180. What are the prime factors of y?
2, 3, 5
Suppose -5*p = -4*h - 40052, -5*p - 32*h = -29*h - 40066. What are the prime factors of p?
2, 2003
Let n = 53 + -52. Let u = -14 - n. What are the prime factors of u*(-5)/(100/8)?
2, 3
Suppose -289*h = 5*t - 291*h - 36627, -3*t + 2*h + 21977 = 0. List the prime factors of t.
5, 293
Let x = -48 - -50. Suppose -200 = x*p - 784. List the prime factors of p.
2, 73
Let a(l) = -l**2 - 5*l + 17. Let o be a(3). What are the prime factors of (o - (-10 + 7)) + 320 + -1?
3, 5, 7
Suppose 2*u + 2*h = 48, -55 = -3*u + 4*h + 3. Let a = u + -44. Let s = a - -46. List the prime factors of s.
2, 3
Let h(u) = -u**2 - 11*u - 19. Let q(o) = o + 1. Let i(p) = -p**2 - 11*p - 2. Let m(d) = i(d) + 4*q(d). Let n be m(-8). List the prime factors of h(n).
11
Let n(h) = 7185*h**2 - 229*h - 2. What are the prime factors of n(1)?
2, 3, 19, 61
Suppose x - 68422 = -v, 0*x = -4*x + 5*v + 273679. Suppose 65*d - x = 10489. What are the prime factors of d?
2, 607
Let q = 127 - 90. Suppose -41 - q = 2*y. Let b = y - -58. List the prime factors of b.
19
Let z(v) = -v**2 + 7*v + 46. Let b be z(-4). Suppose -b*l - 690 = -4*p, -4*l - 867 = -3*p - 2*p. List the prime factors of p.
3, 19
What are the prime factors of (2/6)/((-43)/53355432*-26)?
2, 41, 97
Let q(m) = -33*m - 91. Let h be q(-8). Suppose d + h = 297. What are the prime factors of d?
2, 31
Let w = -56 + 89. Let b = 33 - w. Suppose 2*n - 264 = -3*n - 4*v, b = -3*v - 12. List the prime factors of n.
2, 7
Let c = 219 + -216. Suppose c*d = 1204 + 1262. List the prime factors of d.
2, 3, 137
Let l(m) = -m - 3. Let f be l(-23). Suppose -3*j = -2*u + u - 13, 0 = -5*j + f. What are the prime factors of u + 2 + 40 - 3?
2, 19
Let i = 57102 - 21799. What are the prime factors of i?
43, 821
List the prime factors of (-14605 - (-165)/11)*(-6)/10.
2, 3, 1459
Let x(h) = 4255*h**3 - 2*h**2 - h + 3. Let i be x(1). What are the prime factors of 74/296 - i/(-4)?
2, 7, 19
Suppose -5*k + 60 = 6*p - p, 0 = -p - 5*k + 24. Let u(q) = 2*q**3 - 6*q**2 - 5*q - 2. List the prime factors of u(p).
5, 37
Let b = 10835 + -5745. What are the prime factors of b?
2, 5, 509
Let u = 3975 + 42774. List the prime factors of u.
3, 15583
Let r(z) = -3*z + 3. Suppose 2*f + 16 - 18 = 0. Let b be r(f). Suppose q + 3*w - 215 = b, 0*q = -q - 5*w + 209. List the prime factors of q.
2, 7
Let p = 18586 + -16629. List the prime factors of p.
19, 103
Suppose 67*f - 68*f = 8. List the prime factors of 342/(-2)*(f - (-207)/27).
3, 19
Suppose -77*i = 34*i - 2087644 - 616649. List the prime factors of i.
3, 2707
Let s(a) = 2*a**2 - 113*a + 2212. List the prime factors of s(112).
2, 7, 523
What are the prime factors of ((-34425)/(-170))/(617/(-206) - -3)?
3, 5, 103
Let f = 396 - 444. What are the prime factors of (-6)/f - (-13461)/24?
3, 11, 17
Let w = 2363 + 942. List the prime factors of w.
5, 661
Suppose -16*o = -3515 - 13845. What are the prime factors of 12/(-3)*(o/(-28) - 0)?
5, 31
Suppose 0 = 20*l - 17*l - 522. Let a = l + 18. What are the prime factors of a?
2, 3
Let h = -3985 - -5158. What are the prime factors of h?
3, 17, 23
Let m = -7365 + 23722. List the prime factors of m.
11, 1487
Suppose -287948 = -19*x - 4*b, -30300 = -2*x - 0*x - 3*b. List the prime factors of x.
2, 3, 421
Let x(v) = -v**2 + 40*v - 56. Let r be x(18). Let l = -49 + r. List the prime factors of l.
3, 97
Suppose -10216*b + 10248*b = 909600. List the prime factors of b.
3, 5, 379
Let z = 54777 - 23689. What are the prime factors of z?
2, 29, 67
Let f = 7651 - -2999. List the prime factors of f.
2, 3, 5, 71
Let j(i) = i**2 - 33*i + 120. Let a be j(29). Suppose 4*x - 3152 = 5*f, -773 = a*x - 5*x + 5*f. What are the prime factors of x?
13, 61
Let h(v) = -58*v**3 - 2*v**2 - v. Let x be h(-1). Let d be (-36 - -33)/((-2)/(-16)*-3). Suppose d*w = 31 + x. What are the prime factors of w?
11
Let t(u) = -u**3 + 40*u**2 - 12*u - 31. List the prime factors of t(30).
8609
Suppose 0 = -3*p - y + 42426, 0 = 3*y + 12 - 30. List the prime factors of p.
2, 5, 7, 101
Suppose -35*n - 19197 = -225240 - 31887. What are the prime factors of n?
2, 3, 11, 103
Let n be 12/(-3) + 6 + -458. Let h = n - -495. What are the prime factors of h?
3, 13
Let y be 36/126 + 740/7. Let q = y + -102. List the prime factors of 2/q - 1/((-8)/1532).
2, 3
Let h be 1 + 6765/5 + 4. Let d = h - 968. What are the prime factors of d?
2, 3, 5, 13
Let p(o) = 124*o**2 + 24*o - 177. List the prime factors of p(13).
7, 23, 131
List the prime factors of (-63 + 8)*((-4 - 2) + -169).
5, 7, 11
Let y = -165 - -179. Suppose -4*w = m - 468, y*m - 20 = 19*m. List the prime factors of w.
2, 59
Let s(w) = -2*w**3 + 2*w**2 - 2*w - 1. Let h be s(-1). Suppose -2*m + 5*y = -8, h*y + 0*y = 0. Suppose 12*n = m*n + 1152. List the prime factors of n.
2, 3
Suppose -3*u = 2*b, 4*b + 6*u = 11*u + 22. What are the prime factors of (-2)/b*(49 - 1726)?
2, 13, 43
What are the prime factors of (-48 + 43 + 14/4)*-862?
3, 431
Suppose -u + 2101 = 3*d, -5*u = 5*d - 3008 - 477. What are the prime factors of d*1 + 34 + -42?
2, 347
Suppose 2*u - 5*h = 38826, 190*u + 38830 = 192*u - 4*h. What are the prime factors of u?
19423
Let f = 35 - 27. Let a be ((3 - 2) + -4)*f/(-6). Suppose a*y - 490 = -6*y. List the prime factors of y.
7
Suppose 108 = 17*p - 79. Suppose 1790 = 16*u - p*u. List the prime factors of u.
2, 179
Let x = 10157 - 3427. What are the prime factors of x?
2, 5, 673
Suppose 0 = -b + 135 - 15. Let z = -10551 - -10579. Let a = z + b. What are the prime factors of a?
2, 37
Suppose 0 = -2*v - 5*b + 14, 7 - 3 = 3*v - b. Suppose 3*s = v*u + 874, -8*s + 7*s + 4*u = -308. List the prime factors of s.
2, 3
Let a = -93 + 97. Suppose -5*d - c = -4232, 4*d + 0*d - a*c = 3400. What are the prime factors of d?
7, 11
Let i(a) = 993*a**2 + 531*a + 4722. List the prime factors of i(-9).
2, 3, 17, 197
Let c be (1 - (-143)/(-165)) + 11366/30. Let y = -92 + c. What are the prime factors of y?
7, 41
Let s(t) = 2*t**2 - 6*t - 14*t - 6 + 29*t - 4*t**2. Let n be s(-9). Let b = n + 467. What are the prime factors of b?
2, 109
Let v be (-750)/(-8) + 93/(-124). Let q = v - -23. Suppose -3*j + 5*j = q. List the prime factors of j.
2, 29
Let f = 159 - 164. Let s(r) = 8*r**2 + 8*r + 7 + 0*r**3 + 0*r**3 + r**3. List the prime factors of s(f).
2, 3, 7
Suppose -18 = 14*b - 46. Suppose b*f - 4*d - 32 = 0, 0 = -5*f + d + 4*d + 65. Suppose 3*h = -g + 72, -4*h + 130 + f = 2*g. List the prime factors of g.
2, 3, 11
Suppose 0 = -a - 4*a + 1455. Let n = -52 + a. What are the prime factors of n?
239
Let y(g) = g**3 - 53*g**2 - 127*g + 57. List the prime factors of y(59).
2, 5, 269
Let n(a) = -20*a + 8. Let b be (12/3)/12*3. Let w be n(b). List the prime factors of (-8)/w + (-912)/(-9).
2, 3, 17
Let o = 230 + -228. Suppose 0 = -8*h + 3*h - 45. What are the prime factors of 3/h + (142/3 - o)?
3, 5
Let c be 4/14 - (-1335)/105. Let a(u) = 111*u - 81. List the prime factors of a(c).
2